12.
12
Calculate the greatest common factor of 2451 and 7923.
57
Calculate the greatest common factor of 81 and 40203.
27
What is the greatest common divisor of 1976 and 28?
4
Calculate the highest common factor of 7651 and 35.
7
What is the highest common divisor of 561492 and 324?
324
Calculate the greatest common factor of 1051751 and 542.
271
What is the highest common factor of 35840 and 5760?
640
What is the greatest common factor of 90 and 1161720?
90
What is the highest common divisor of 19 and 41857?
19
Calculate the greatest common factor of 132 and 21456.
12
What is the greatest common divisor of 1160 and 40?
40
Calculate the highest common divisor of 1680436 and 76.
76
Calculate the greatest common divisor of 1149639 and 163.
163
Calculate the greatest common factor of 70 and 11170.
10
Calculate the highest common divisor of 76672 and 3584.
128
What is the highest common factor of 130378 and 92872?
1786
Calculate the highest common divisor of 10140 and 8700.
60
Calculate the greatest common divisor of 612931 and 77.
11
What is the highest common factor of 1071 and 21539?
119
Calculate the highest common factor of 406 and 2925636.
406
What is the highest common factor of 2910 and 5340?
30
What is the greatest common divisor of 20584 and 93?
31
Calculate the highest common divisor of 528 and 89772.
12
Calculate the greatest common divisor of 14115 and 60.
15
What is the highest common divisor of 9062100 and 60?
60
Calculate the greatest common divisor of 91 and 609427.
91
Calculate the greatest common factor of 343 and 11837959.
343
Calculate the greatest common divisor of 670 and 40468.
134
What is the highest common divisor of 16857484 and 19?
19
What is the highest common factor of 88 and 286?
22
Calculate the highest common divisor of 165 and 1808862.
33
Calculate the highest common divisor of 546219 and 3699.
1233
Calculate the greatest common factor of 62857 and 789.
263
What is the greatest common factor of 15 and 1815?
15
What is the greatest common factor of 436 and 2144684?
436
What is the highest common factor of 1011 and 27634?
337
Calculate the greatest common factor of 45 and 69705.
45
What is the greatest common factor of 5941 and 546?
13
Calculate the highest common divisor of 34507 and 11.
11
What is the greatest common factor of 473271 and 1444?
361
What is the greatest common factor of 15 and 11118285?
15
What is the greatest common factor of 7205 and 605?
55
Calculate the greatest common factor of 486315 and 495.
45
What is the greatest common divisor of 3573 and 153?
9
What is the greatest common divisor of 37 and 289673?
37
Calculate the highest common divisor of 300 and 233850.
150
Calculate the highest common factor of 3906 and 81592.
434
Calculate the highest common divisor of 15547 and 7.
7
What is the greatest common divisor of 4011 and 720261?
573
Calculate the greatest common divisor of 8128 and 2848.
32
Calculate the greatest common divisor of 2439 and 1897.
271
What is the greatest common divisor of 126 and 3962?
14
What is the highest common divisor of 1131 and 2743?
13
What is the highest common divisor of 4222831 and 73?
73
What is the highest common factor of 3276 and 939666?
546
What is the greatest common divisor of 467334 and 12?
6
What is the greatest common divisor of 3311 and 1442?
7
What is the greatest common factor of 594 and 357426?
54
What is the greatest common divisor of 755 and 3355220?
755
Calculate the greatest common factor of 1504 and 40232.
376
Calculate the greatest common divisor of 2196 and 216.
36
What is the greatest common divisor of 663 and 22321?
221
What is the greatest common divisor of 10881 and 153?
9
Calculate the greatest common factor of 16256 and 640.
128
Calculate the highest common divisor of 6 and 986658.
6
What is the highest common divisor of 70519 and 776?
97
Calculate the highest common factor of 34121 and 2086.
149
Calculate the greatest common divisor of 205 and 756655.
205
What is the highest common divisor of 486096 and 1968?
1968
Calculate the greatest common divisor of 3519 and 200124.
153
Calculate the greatest common factor of 20776 and 30051.
371
What is the highest common divisor of 495127 and 298?
149
What is the greatest common factor of 124784 and 880?
176
What is the highest common factor of 406909 and 215?
43
What is the highest common factor of 74 and 144226?
74
Calculate the greatest common factor of 2310 and 4136.
22
Calculate the highest common factor of 230 and 8794510.
230
Calculate the highest common divisor of 4 and 12731.
1
What is the greatest common divisor of 9 and 31770?
9
What is the highest common divisor of 207984 and 96?
48
What is the highest common divisor of 227640 and 168?
168
What is the highest common divisor of 89586 and 224?
14
Calculate the highest common divisor of 44 and 5775.
11
Calculate the greatest common divisor of 174 and 1743132.
174
What is the greatest common divisor of 478 and 3726488?
478
Calculate the highest common factor of 96 and 3981664.
32
Calculate the greatest common divisor of 7711 and 99.
11
Calculate the greatest common divisor of 348261 and 696.
87
Calculate the greatest common factor of 5220 and 3324.
12
Calculate the highest common divisor of 5976 and 14691.
249
What is the highest common divisor of 1396 and 447418?
698
Calculate the greatest common divisor of 3128138 and 4186.
598
Calculate the highest common divisor of 1232 and 28672.
112
Calculate the highest common factor of 164 and 25666.
82
What is the highest common factor of 247 and 2223?
247
What is the greatest common divisor of 10570 and 20?
10
What is the highest common divisor of 2709 and 1243044?
387
What is the greatest common factor of 1498 and 7322?
14
Calculate the highest common factor of 15 and 34305.
15
Calculate the highest common factor of 101514 and 224.
14
Calculate the highest common factor of 322840 and 170.
10
Calculate the greatest common factor of 189475 and 106.
53
What is the greatest common factor of 46 and 12949?
23
What is the greatest common divisor of 57 and 85101?
57
What is the greatest common factor of 86651 and 1022?
73
Calculate the highest common divisor of 5820 and 182166.
582
What is the highest common divisor of 224 and 364?
28
Calculate the greatest common divisor of 7952 and 4129076.
1988
Calculate the greatest common divisor of 2065 and 42770.
35
What is the highest common factor of 10752 and 56224?
224
What is the greatest common factor of 7500 and 1245?
15
Calculate the greatest common divisor of 12 and 46314.
6
Calculate the greatest common divisor of 24024 and 264.
264
Calculate the highest common divisor of 146 and 1273850.
146
What is the highest common divisor of 37 and 1320049?
37
What is the greatest common divisor of 13 and 2855177?
13
Calculate the highest common factor of 10417 and 22.
11
Calculate the greatest common divisor of 98385 and 140.
35
What is the greatest common factor of 248 and 187696?
8
Calculate the greatest common factor of 158209 and 1.
1
What is the highest common divisor of 1188 and 2560?
4
What is the greatest common factor of 50 and 695050?
50
What is the highest common divisor of 30514 and 2508?
418
Calculate the highest common divisor of 2168 and 14905.
271
Calculate the greatest common divisor of 5675 and 454.
227
What is the highest common divisor of 168012 and 91?
13
What is the greatest common factor of 544 and 7956?
68
What is the highest common factor of 128 and 20512?
32
Calculate the greatest common factor of 102856 and 163852.
1196
What is the greatest common divisor of 1610 and 11664450?
1610
What is the greatest common divisor of 16630 and 80?
10
What is the greatest common factor of 6600 and 2525?
25
Calculate the greatest common divisor of 7935 and 4320.
15
What is the highest common divisor of 268 and 22579?
67
What is the greatest common divisor of 129488 and 16?
16
What is the highest common divisor of 5808 and 135168?
528
Calculate the greatest common factor of 6415 and 15.
5
What is the greatest common divisor of 1076 and 1432425?
269
What is the highest common divisor of 9979 and 578?
17
Calculate the greatest common divisor of 22344 and 665.
133
Calculate the highest common factor of 11 and 574959.
11
What is the highest common divis